he greatest common factor of n and 8.
8
Let w(v) = v**3 + 14*v**2 + 24*v + 13. Let y be w(-12). Calculate the highest common divisor of 325 and y.
13
Let a = -739 + 761. Calculate the greatest common factor of 1342 and a.
22
Let s(h) = -h + 1. Let k be s(8). Let t be (-12 - -1)/(7/k). Suppose 9*c = t*c - 240. Calculate the highest common divisor of c and 24.
24
Let w be -78*(-3)/8*4. What is the greatest common factor of 9 and w?
9
Let n(d) = d**2 + 2*d - 5. Let y be n(5). Let i = 1829 - 1769. What is the greatest common divisor of i and y?
30
Let w(r) = r**2 + 5*r - 6. Let i be w(-6). Suppose -4*y + 3*z = z - 224, i = 5*y + 5*z - 265. Calculate the highest common divisor of y and 5.
5
Let t = 18 + 30. Suppose 0 = -2*x - o + 27, 3*x - o = -0*o + t. Suppose 9 + x = 3*n. Calculate the highest common divisor of n and 20.
4
Let b be 26/(-10) + 24/40. Let v(m) = -m + 6. Let f be v(b). Let h = 13 + -9. What is the greatest common divisor of h and f?
4
Let i be (-25)/10*(-10)/5. Suppose i*n = -4*g + 2*n + 72, n = 0. Calculate the highest common factor of 30 and g.
6
Let r be (-166)/(-7) + 6/21. Let k = -640 - -652. What is the highest common factor of r and k?
12
Suppose -5*q = -10*q - 3*z + 62, -2*z = -8. Calculate the highest common factor of q and 520.
10
Let m = -256 - -420. Suppose 34 = 9*v - m. Calculate the highest common factor of v and 22.
22
Suppose -q = -2*d + 51, 7*d + 72 = 10*d - 3*q. What is the greatest common divisor of 57 and d?
3
Let y = -642 + 1266. What is the greatest common factor of y and 48?
48
Suppose 1 = -p - 0. Let s be 2*(p - (-20 - -1)). Let q(l) = l**2 - 15*l + 60. Let v be q(6). Calculate the highest common factor of s and v.
6
Let g = -23 - -38. Suppose -5*x = -5 - g. Let l be -8*((-7)/4 + 1). What is the highest common divisor of l and x?
2
Let d(x) = 14*x**2 + 33*x - 1. Let b be d(8). What is the highest common divisor of b and 19?
19
Let o be ((-24)/6)/(16/(-20)). What is the greatest common factor of o and 11?
1
Let l(c) = c**3 + 4*c**2 - 1. Let z be l(-4). Let v be (-4)/((-4)/(-6)*z). What is the greatest common divisor of v and 3?
3
Let u = 31 + 689. Suppose -8*j = -5*j - u. What is the greatest common divisor of 30 and j?
30
Let c(o) = 34*o**3 + 7*o**2 - 24*o - 7. Let t be c(4). What is the greatest common divisor of t and 19?
19
Let k be ((-19)/8)/((-19)/152). What is the greatest common factor of 551 and k?
19
Suppose -2*w + 22 = 8. Suppose -3*r + w + 5 = 0. Suppose -9*b = -r*b - 195. What is the greatest common factor of b and 13?
13
Let t(x) = -x**2 + 14*x + 27. Let s be t(13). Let i = 52 - s. Calculate the highest common factor of i and 12.
12
Suppose 3*i + 3 = -5*c, 4*i - 2*c - 22 = -0*i. Suppose -8 = 4*f, 5*z = 3*f + 70 - 19. Suppose -64 = -z*g + 5*g. Calculate the highest common divisor of g and i.
4
Let j be 0 - (3 - -1) - -167. Let k = 58 - j. Let c = -70 - k. Calculate the greatest common divisor of c and 7.
7
Let w(n) = 56*n + 149. Let g be w(15). Calculate the highest common factor of 46 and g.
23
Let k(i) = 4*i + 28. Let b be k(-6). Let v(c) = -c**3 - 2*c**2 - c. Let r be v(-2). What is the greatest common factor of r and b?
2
Let c be ((-2)/(-1))/((-2)/(-26)). Let w be (-9)/(-7) + -1 - 699/21. Let h = w - -46. What is the greatest common factor of h and c?
13
Suppose m - 4 + 3 = 0. Suppose 0 = -3*h + a - 15, -14 = 4*h + 3*a - 7. Let o be (m - (-8)/h)*-4. What is the highest common factor of o and 8?
4
Let g(m) = m + 5. Let n be g(-5). Let d = 135 - n. Let f(r) = r**3 - 6*r**2 - r - 27. Let u be f(7). What is the greatest common factor of u and d?
15
Suppose 0 = 7*u - 3*u - 168. Suppose 4*s + 8*h = 6*h + 50, 0 = -3*h - 9. What is the greatest common factor of u and s?
14
Suppose -13*m + 138 = -252. Calculate the highest common divisor of m and 18.
6
Let g be (-27)/1377*-34 - ((-526)/3 - 0). Suppose -3*s = -79 - 23. Let x be -1*s/(-2) - 1. What is the highest common divisor of g and x?
16
Let f be ((420/25)/7)/(6/40). Calculate the highest common factor of 40 and f.
8
Suppose -114 = -8*c + 94. Calculate the greatest common factor of 26 and c.
26
Let n = -2 + 9. Let s(b) = 6 + 9*b + b**3 - n*b**2 - 2*b**3 - 15*b. Let z be s(-6). What is the highest common divisor of 42 and z?
6
Suppose -4 = 2*t, -3*t = -4*s + 224 + 150. What is the greatest common divisor of 46 and s?
46
Suppose -13 = f + 4*p, 0 = 3*f - 0*p - p - 26. Let w = f + -14. Let l(x) = -2*x - 1. Let d be l(w). Calculate the highest common divisor of 13 and d.
13
Let u be -10*5/(250/(-270)). What is the greatest common factor of 270 and u?
54
Suppose 596 = 3*s + 2*p - 580, 5*p + 784 = 2*s. What is the highest common factor of 56 and s?
56
Let l be (2/(-3))/(10/(-75)). Let z be ((-16)/8)/((-6)/45). What is the greatest common factor of z and l?
5
Let v(c) = 13*c + 88. Let y be v(0). What is the greatest common divisor of y and 8?
8
Suppose 0 = -2*g + 3*s + 7, -4*g = s - 6*s - 11. Let o be (-7)/g - (0 + -1). Suppose 7*t + 1 = o*t. What is the greatest common factor of t and 5?
1
Let h(k) = 2*k**2 - 2. Let p = -36 + 33. Let c be h(p). What is the highest common divisor of c and 40?
8
Let y = 481 + -445. What is the greatest common factor of y and 48?
12
Suppose -4*w = -a + 4*a - 30, -4*a = -2*w - 18. Suppose 67 = 4*t - j, t - 3*j = 4*t - 69. Let k = t - a. What is the highest common factor of 108 and k?
12
Let c(q) = q + 89. Let i be c(-49). Calculate the greatest common divisor of i and 190.
10
Let q(l) = l**3 - 18*l**2 - 30*l - 35. Let d be q(20). What is the greatest common divisor of 15 and d?
15
Suppose -d - 35 + 63 = 2*l, 3*l - 3*d - 42 = 0. Let n(p) = -20*p + 1. Let w be n(-1). Calculate the greatest common factor of w and l.
7
Let l = 383 + -193. What is the greatest common divisor of l and 10?
10
Suppose -3*v + 22 = -14. Suppose v*w - 8*w = 48. What is the highest common factor of 30 and w?
6
Let s be (-276)/(-345) - 26/(-5). Let m(u) = 2*u + 8. Let f be m(8). Calculate the highest common divisor of f and s.
6
Let x be 5 + -3*6/9. Let m(d) = -2*d**2 - d + 3. Let l be m(0). Let k be -4 + (9/l + -4 - -11). What is the highest common divisor of k and x?
3
Let l(a) = -8*a**3 - 2*a**2 + 27*a + 28. Let b be l(-1). What is the greatest common divisor of b and 1589?
7
Suppose -6*m + 2*m + 20 = 0, -5*k + 2*m = -530. Calculate the greatest common factor of 24 and k.
12
Let q be 0 + 39 + 1 + (12 - 17). What is the highest common divisor of q and 15?
5
Suppose -v + 4*s - 3 = 8, 2*s + 8 = 2*v. What is the highest common factor of 423 and v?
9
Let a = -518 - -529. Suppose 3*b - 233 = -2*n, 3*n + 2*b + 97 = 454. Calculate the greatest common factor of n and a.
11
Let r = -392 - -446. Calculate the greatest common factor of r and 702.
54
Suppose 2*y - 4*t - 28 = 0, -1 + 7 = -3*t. Suppose 8*z = 7*z, -2*z = 4*l - 160. Calculate the greatest common divisor of y and l.
10
Let j be ((-117)/702)/(1/(-318)). Calculate the highest common divisor of j and 106.
53
Suppose -10 = -2*q - 2*s, -q - 4*s = -11 - 3. Suppose 56 = 4*b - q*b. Calculate the highest common divisor of 4 and b.
4
Suppose 4*v - 168 = -7*w + 5*w, -5*v = 2*w - 208. Calculate the highest common divisor of v and 64.
8
Let w = 438 + 185. Let u = w + -31. Suppose -3*z - s + 0*s = -u, -4*z + 794 = -s. Calculate the greatest common divisor of 18 and z.
18
Suppose -6*b = -3 - 15. Suppose 3*q = -b*r + 66, 3*r - 94 = -0*q + 4*q. Calculate the highest common factor of r and 39.
13
Let u = -21 + 69. What is the highest common factor of 16 and u?
16
Suppose -2*z + 35 - 3 = -4*h, -60 = -3*z + 2*h. Let o = 24 - z. Let m be (7 - 2) + (o - 1). Calculate the greatest common divisor of m and 54.
6
Suppose -72 - 48 = -5*r. Let a = r - 15. Let b be -21*2*(-3)/a. What is the greatest common divisor of 42 and b?
14
Suppose 4*u + 0 = 4*y - 12, 2*u = -2*y + 10. Let g be (-730)/(-40) + u/(-4). Calculate the highest common factor of 162 and g.
18
Let t(r) = -r**2 - 13*r + 56. Let q be t(-16). Let f = 86 + -58. What is the greatest common divisor of q and f?
4
Suppose 3*a = 4*f - 75, -6*a = -a + 5. Let p = -13 + f. Suppose -4*v + 3*l = 2*l - 100, p*v = l + 124. What is the highest common factor of 192 and v?
24
Suppose 56 = -3*r + 62. What is the greatest common factor of r and 31?
1
Let w be (-4)/(16/20) - (-16 + 0)